hat are the prime factors of u/2*(-4 + r)?
3, 5
Let b = -3 + 6. Suppose -b*u + 4*u = 0. Suppose -11 = -u*a - a. What are the prime factors of a?
11
Let u(y) = y + 8. Let m be u(-4). Suppose 0*z = -m*z + 44. List the prime factors of z.
11
Suppose 0*q + 26 = 3*q - 4*m, -5*q = 5*m - 20. Suppose 43 = 4*y + 5*g, -3*y + 4*g + 34 + q = 0. List the prime factors of y.
2, 3
Suppose -40*z + 42*z - 384 = 0. What are the prime factors of z?
2, 3
Let z(a) = a**3 - 6*a**2 + 9*a + 2. What are the prime factors of z(7)?
2, 3, 19
Suppose 0*j + 3*j - n = 8, 0 = j - n - 2. Let q = j - -2. Suppose -q*z + 54 = 4. List the prime factors of z.
2, 5
Let k(a) = 3*a**2 - 5*a + 3. What are the prime factors of k(3)?
3, 5
Let l be (-5 + -1)*4/(-8). Suppose 3*j + 8 = j, -l*j = -4*g + 56. Let h = g + -1. List the prime factors of h.
2, 5
Let t(j) = -6*j**2 - j + 7*j**2 + 4*j + 2*j. What are the prime factors of t(-8)?
2, 3
List the prime factors of (-1)/2 + (-15)/(-2).
7
Let f be (8 - 2)*4/6. Suppose f*k = -0*k + 64. List the prime factors of k.
2
What are the prime factors of (3795/(-22) - 1/2)*-1?
173
Let p = -9 + 27. Let d be (-10)/(-3) - (-2)/3. List the prime factors of ((-12)/p)/(d/(-42)).
7
Suppose 696 = l + 7*l. List the prime factors of l.
3, 29
Let o(j) = 5*j**2 - j + 7. Let p(c) = -6*c**2 + 2*c - 8. Let g(w) = 5*o(w) + 4*p(w). Let r be g(-4). Let u = -4 + r. List the prime factors of u.
3
Let n(v) = v**3 - 5*v**2 + 7*v - 6. Let c be n(5). Let r = c + -6. What are the prime factors of r?
23
Suppose k - 235 = 3*i - 6*i, 5*k = 4*i + 1194. List the prime factors of k.
2, 7, 17
Suppose -2*o - h = -7, -5*o + 3*h + 18 = -27. Let j be -2 + o + 1 - 1. Suppose v + 9 = j*v. List the prime factors of v.
3
Let o(w) be the second derivative of -w**4/12 + 3*w**2/2 + 4*w. Let d be o(0). Suppose 26 = -j + d*j. What are the prime factors of j?
13
Let b = -6 - -16. Suppose 5*o - 40 = o - 2*m, o - 2*m - b = 0. What are the prime factors of o?
2, 5
Let c(n) = -3 + 0*n + n - 3*n. List the prime factors of c(-4).
5
Suppose 0 = 5*a - 3*k - 204, k - 114 = -0*a - 3*a. List the prime factors of a.
3, 13
Let o(n) = n**3 - 7*n**2 + 3*n + 6. Suppose -2*i + t + 12 = -0*t, 3*t + 29 = 5*i. List the prime factors of o(i).
3
Suppose -2*z + 4*r + 41 + 7 = 0, 4*z = 4*r + 88. What are the prime factors of z?
2, 5
Suppose 5*n - 220 = -5*c, -106 + 322 = 4*c - 4*n. List the prime factors of c.
7
Let i be (-3)/(-1) + 3/(-12)*0. Let a = 12 + -7. Suppose -o - o - 58 = -a*g, i*g + 2*o = 38. List the prime factors of g.
2, 3
What are the prime factors of (-12)/2*(0 - (-69)/(-2))?
3, 23
Suppose 2*o + 0*o = -16. List the prime factors of (-52)/o + 3/(-6).
2, 3
Let g be 0 + 2*3/6. Suppose 34 = 3*v + g. What are the prime factors of v?
11
List the prime factors of (-2 - (1 + (1 - 2))) + 49.
47
Let z = -25 - -83. List the prime factors of z.
2, 29
Suppose 0 = -5*g + b + 572, 3*b = -g + 72 + 52. What are the prime factors of g?
5, 23
Suppose -6 = 2*o + 10. Let u = o - -10. Suppose -2*x = -u, 5*s - 18 = -2*x - x. List the prime factors of s.
3
Suppose 0*o - 2*o = 4*p + 12, 72 = -5*o + 4*p. Let y be 2/o*2*-3. What are the prime factors of (-29)/(-5) + y/5?
2, 3
Suppose -3*j + 3*k + 71 = 2*k, 1 = k. Suppose -n = 2*n - j. List the prime factors of n.
2
Let p(c) = -5*c**2 - 11*c + 9. Let x(s) = -4*s**2 - 10*s + 8. Let r(i) = -3*p(i) + 4*x(i). Suppose -11 + 5 = w. List the prime factors of r(w).
11
Let a(i) = 2*i**2 + i - 1. Let r = 1 - 0. Let q be a(r). Suppose -q*x + 11 = -3. What are the prime factors of x?
7
List the prime factors of ((-20)/6 - -2)*-6.
2
Suppose 0 = -2*b + 2*u + u - 16, 5*b + 14 = u. Let k be 2 + -1 - 1*-7. Let h = k - b. What are the prime factors of h?
2, 5
Let l(y) = 2*y**2 + 6*y + 4. Let j be l(-6). Let c = j + -8. List the prime factors of c.
2
Let d = 2 + -5. Let j(y) = -y + 2. What are the prime factors of j(d)?
5
Suppose 3*l = 5 + 22. Suppose -l = -w - b, -w + 0*b + 1 = -3*b. List the prime factors of w.
7
Suppose -2*v + 3*r + 140 = 3*v, -4*v + 120 = -4*r. Let d be (-1220)/(-30) + (-2)/3. Suppose -5*s + d = -v. What are the prime factors of s?
13
Let s(b) = -11*b + 21. List the prime factors of s(-6).
3, 29
Suppose 0*m = -5*m + 275. Let x be (-1)/(-2)*(1 + -1). Suppose -3*u - 5*h + m = 0, -3*u = 2*h - x*h - 40. List the prime factors of u.
2, 5
Let m(b) = -2*b - 6. Let v be m(-5). Suppose -v*d = -3 - 13. Suppose 3*q + 2*q - 80 = 5*y, 0 = -d*q + 2*y + 66. List the prime factors of q.
17
Let f(g) = -g**3 + g**2 + g + 4. Let y be f(0). Let p be (y/10)/((-1)/20). List the prime factors of (-8)/6*60/p.
2, 5
Let r = 8 + -8. Let k = r + -1. Let d(n) = -18*n**3. List the prime factors of d(k).
2, 3
List the prime factors of 384/(-1)*15/(-45).
2
Let t = 33 + -21. Let o = -6 - -9. List the prime factors of (o/6)/(2/t).
3
Let a(g) = -g**3 - 4*g**2 - 3*g + 5. Let w be a(-4). Let x(m) = 2*m**3 - 2*m**2 - m - 1. Let n be x(2). What are the prime factors of n/10*(w + -1)?
2
Let f = 163 - 32. What are the prime factors of f?
131
Let a(b) = b**3 - 3*b**2 + 3. Let y be 2/(-3) + 22/6. Let r be a(y). Suppose -3*n = r - 27. What are the prime factors of n?
2
Let b = 157 - -2. List the prime factors of b.
3, 53
Suppose -6*m + 3*m = 0. Suppose -3*k + 0 + 42 = m. List the prime factors of k.
2, 7
Let w(o) = o**2 + 12*o - 13. Let z be w(-13). Suppose z = -4*i + 5*t + 1, t - 5*t = -3*i. List the prime factors of i + -4 + 1 + 2.
3
Suppose -4*d + 12*d = 1232. What are the prime factors of d?
2, 7, 11
Suppose -2*p + 7*p - 575 = -2*f, -4*f = -2*p - 1138. What are the prime factors of f?
3, 5, 19
Suppose 5*h = -4*t + 3*h + 302, -3*t - 2*h + 229 = 0. List the prime factors of t.
73
Suppose -2*o = -j - 6, -j = 2*j. Let s(b) = -1 - 6*b**2 + b - 3*b**2 + 6*b**2 + 2*b**o. List the prime factors of s(2).
5
What are the prime factors of (-8908)/(-153) - (-4)/(-18)?
2, 29
Suppose x - 3*n = 3, -4*x + 29 = -2*n + 7*n. Suppose x*g - 44 = 2*g. List the prime factors of g.
11
Let q(v) = -6 - 6*v - v**3 - 7*v**2 + 0*v - 2*v. Let o be q(-6). Suppose o = n + 2*b, -n + 4*b = b - 21. List the prime factors of n.
2, 3
Let x(l) = 9*l + 14. List the prime factors of x(5).
59
Let v be 54/24 - (-1)/(-4). Suppose -3*g + v*g = 364. List the prime factors of g/(-35) - 2/5.
2, 5
Let i = -13 - -23. Let x(a) = i*a - a**2 + 6 - 10*a. List the prime factors of x(0).
2, 3
Suppose 7*i - 3*i = 48. List the prime factors of (-2 - -5)/(3/i).
2, 3
Let r = 77 + -53. Suppose 4 = -2*z + r. List the prime factors of z.
2, 5
What are the prime factors of 267*(4/(-30))/((-2)/10)?
2, 89
Let m = 8 - 4. Let q(z) = -z**3 + 7*z**2 - 4*z - 5. List the prime factors of q(m).
3
Let f be 4/6 + (-8)/(-6). What are the prime factors of (-50)/1*f/(-4)?
5
Let j = -7 - -8. Suppose 5*t - j - 19 = 0. Suppose 2*g = -4, t*h + g - 88 = -18. List the prime factors of h.
2, 3
Let x = -81 - -120. What are the prime factors of x?
3, 13
Let f(r) = -r**3 - 3*r**2 + 8*r + 3. Let h be f(-5). Let o = h + -4. List the prime factors of o.
3
Let u = -118 - -225. List the prime factors of u.
107
Let b be 63/3*4/6. Suppose 4*s - 2*y - 34 = -4*y, 5*y = s - b. What are the prime factors of s?
3
Let w = 6 - 4. Suppose 26 + 40 = w*i. List the prime factors of i.
3, 11
Suppose 7*r - 9*r = -8. List the prime factors of r.
2
Let a(p) = p**2 - 2*p - 6. Let i be a(5). Suppose 1 = -0*v + v. Let s = v + i. What are the prime factors of s?
2, 5
Let h(q) = 2*q**2 - 4*q. Let x be 4/(-18) - (-141)/27. Suppose -x*r - 2*d = -5, 3*d - 4*d - 2 = r. List the prime factors of h(r).
2, 3
Let i = 34 + -22. Let b = -3 - i. What are the prime factors of (-5)/b*(17 + 1)?
2, 3
Let h = 0 + 3. Let o = h - 1. Suppose 5*d - 3*j = 6, 0*d + 2*j - 12 = -o*d. List the prime factors of d.
3
Let f(i) = 64*i - 11. List the prime factors of f(3).
181
Suppose b = -4*f - 12, -3*b - 2*b - 2*f = -12. Suppose 3*o = b*y - 53, 6*y = y - 3*o + 46. List the prime factors of y.
11
Suppose 0 = u + 3*s - 171, -3*u - 4*s = -u - 336. List the prime factors of u.
2, 3
Suppose -4*l + 6 = 18. Let s be (-5 - l)*(-5)/(-2). Let c(k) = k**2 + 4*k + 3. What are the prime factors of c(s)?
2
Let l = -47 - -108. List the prime factors of l.
61
Suppose -11*w + 46 = -9*w. What are the prime factors of w?
23
What are the prime factors of (-522)/(-12) + (-